hat is the remainder when 1362678 is divided by 40?
38
What is the remainder when 14059 is divided by 1070?
149
Calculate the remainder when 2493 is divided by 1091.
311
Calculate the remainder when 610 is divided by 572.
38
Calculate the remainder when 1372412 is divided by 768.
764
What is the remainder when 6311 is divided by 21?
11
Calculate the remainder when 3830 is divided by 714.
260
What is the remainder when 38164 is divided by 10?
4
Calculate the remainder when 78862 is divided by 30.
22
What is the remainder when 68824 is divided by 6?
4
What is the remainder when 5234 is divided by 375?
359
What is the remainder when 167959 is divided by 19?
18
Calculate the remainder when 15203 is divided by 179.
167
What is the remainder when 342715 is divided by 349?
346
Calculate the remainder when 20972 is divided by 200.
172
What is the remainder when 3641 is divided by 710?
91
Calculate the remainder when 5128 is divided by 135.
133
What is the remainder when 1055 is divided by 1018?
37
Calculate the remainder when 36334 is divided by 1101.
1
What is the remainder when 585715 is divided by 21?
4
What is the remainder when 42813 is divided by 1045?
1013
What is the remainder when 13294 is divided by 2634?
124
Calculate the remainder when 81061 is divided by 13508.
13
What is the remainder when 4535 is divided by 89?
85
What is the remainder when 277427 is divided by 252?
227
Calculate the remainder when 17872 is divided by 125.
122
Calculate the remainder when 36182 is divided by 60.
2
What is the remainder when 187258 is divided by 103?
4
What is the remainder when 2606 is divided by 87?
83
What is the remainder when 5880 is divided by 95?
85
What is the remainder when 378419 is divided by 318?
317
What is the remainder when 29125 is divided by 21?
19
Calculate the remainder when 500217 is divided by 16.
9
What is the remainder when 13961 is divided by 97?
90
What is the remainder when 141524 is divided by 57?
50
What is the remainder when 164713 is divided by 174?
109
What is the remainder when 387 is divided by 10?
7
What is the remainder when 624332 is divided by 1178?
1170
What is the remainder when 14418 is divided by 14326?
92
What is the remainder when 1720 is divided by 10?
0
Calculate the remainder when 4084444 is divided by 53.
52
What is the remainder when 324078 is divided by 161?
146
Calculate the remainder when 165113 is divided by 128.
121
What is the remainder when 146396 is divided by 188?
132
What is the remainder when 10421 is divided by 1728?
53
What is the remainder when 3556 is divided by 901?
853
Calculate the remainder when 7105 is divided by 295.
25
What is the remainder when 29691 is divided by 256?
251
What is the remainder when 1018763 is divided by 1413?
1403
What is the remainder when 5298245 is divided by 23?
11
What is the remainder when 9252 is divided by 44?
12
Calculate the remainder when 8240 is divided by 6995.
1245
Calculate the remainder when 2028 is divided by 421.
344
Calculate the remainder when 47121 is divided by 126.
123
What is the remainder when 68651 is divided by 1906?
35
What is the remainder when 34602 is divided by 422?
420
Calculate the remainder when 311954 is divided by 155974.
6
What is the remainder when 1809 is divided by 18?
9
Calculate the remainder when 190819 is divided by 1889.
30
What is the remainder when 5541 is divided by 303?
87
What is the remainder when 1669 is divided by 1191?
478
Calculate the remainder when 25370 is divided by 125.
120
Calculate the remainder when 64246 is divided by 32095.
56
Calculate the remainder when 154779 is divided by 584.
19
Calculate the remainder when 24875 is divided by 174.
167
What is the remainder when 1365530 is divided by 98?
96
What is the remainder when 18198 is divided by 18196?
2
Calculate the remainder when 44116 is divided by 124.
96
What is the remainder when 7715384 is divided by 19?
16
What is the remainder when 4675 is divided by 471?
436
Calculate the remainder when 6096 is divided by 762.
0
Calculate the remainder when 107037 is divided by 491.
490
What is the remainder when 153263 is divided by 496?
495
What is the remainder when 347479 is divided by 34747?
9
What is the remainder when 2195 is divided by 234?
89
What is the remainder when 2761 is divided by 645?
181
Calculate the remainder when 62518 is divided by 18.
4
Calculate the remainder when 9025 is divided by 696.
673
What is the remainder when 1648 is divided by 411?
4
What is the remainder when 2556 is divided by 237?
186
What is the remainder when 103785 is divided by 77?
66
What is the remainder when 49638 is divided by 22?
6
Calculate the remainder when 196946 is divided by 26.
22
Calculate the remainder when 9072 is divided by 89.
83
Calculate the remainder when 8895 is divided by 131.
118
What is the remainder when 5360 is divided by 317?
288
What is the remainder when 12468 is divided by 8?
4
What is the remainder when 1392088 is divided by 229?
226
Calculate the remainder when 26783 is divided by 13373.
37
Calculate the remainder when 17795 is divided by 614.
603
What is the remainder when 23858 is divided by 123?
119
What is the remainder when 555 is divided by 41?
22
What is the remainder when 11913 is divided by 340?
13
Calculate the remainder when 6195 is divided by 5.
0
Calculate the remainder when 63499 is divided by 347.
345
Calculate the remainder when 16552 is divided by 3269.
207
Calculate the remainder when 239869 is divided by 415.
414
What is the remainder when 81343 is divided by 27099?
46
Calculate the remainder when 1345 is divided by 674.
671
What is the remainder when 6096 is divided by 554?
2
What is the remainder when 91199 is divided by 231?
185
What is the remainder when 19518 is divided by 241?
238
What is the remainder when 159258 is divided by 474?
468
What is the remainder when 124348 is divided by 11302?
26
What is the remainder when 39927 is divided by 210?
27
What is the remainder when 109493 is divided by 118?
107
Calculate the remainder when 580581 is divided by 34.
31
What is the remainder when 1014 is divided by 380?
254
What is the remainder when 4523180 is divided by 7?
4
What is the remainder when 3165 is divided by 15?
0
What is the remainder when 4943 is divided by 92?
67
Calculate the remainder when 1649548 is divided by 525.
523
Calculate the remainder when 5129 is divided by 57.
56
What is the remainder when 88285 is divided by 356?
353
Calculate the remainder when 105245 is divided by 12.
5
What is the remainder when 80283 is divided by 2508?
27
What is the remainder when 7266 is divided by 518?
14
What is the remainder when 15898 is divided by 2647?
16
Calculate the remainder when 2787658 is divided by 10.
8
What is the remainder when 2855 is divided by 2585?
270
Calculate the remainder when 5377 is divided by 1789.
10
What is the remainder when 374003 is divided by 39?
32
Calculate the remainder when 235336 is divided by 33618.
10
Calculate the remainder when 1017 is divided by 4.
1
Calculate the remainder when 42109 is divided by 23.
19
Calculate the remainder when 986 is divided by 116.
58
Calculate the remainder when 25283 is divided by 516.
515
Calculate the remainder when 314860 is divided by 5.
0
What is the remainder when 113331 is divided by 3063?
0
What is the remainder when 764824 is divided by 764811?
13
What is the remainder when 30104 is divided by 478?
468
What is the remainder when 13746 is divided by 2291?
0
What is the remainder when 31533 is divided by 15746?
41
Calculate the remainder when 376 is divided by 5.
1
Calculate the remainder when 116707 is divided by 652.
651
Calculate the remainder when 17337 is divided by 289.
286
What is the remainder when 186160 is divided by 189?
184
What is the remainder when 66830 is divided by 16678?
118
What is the remainder when 4371 is divided by 3651?
720
What is the remainder when 637143 is divided by 19?
16
What is the remainder when 98341 is divided by 54?
7
What is the remainder when 100937 is divided by 14?
11
Calculate the remainder when 17766 is divided by 2220.
6
What is the remainder when 5699 is divided by 142?
19
Calculate the remainder when 32660 is divided by 16324.
12
What is the remainder when 23246 is divided by 475?
446
What is the r